{"id":146,"date":"2019-08-27T18:38:25","date_gmt":"2019-08-27T15:38:25","guid":{"rendered":"https:\/\/bestwartravel.com\/?page_id=146"},"modified":"2019-08-28T14:38:12","modified_gmt":"2019-08-28T11:38:12","slug":"contact-us","status":"publish","type":"page","link":"https:\/\/bestwartravel.com\/?page_id=146","title":{"rendered":"Contact Us"},"content":{"rendered":"\n<div class=\"wp-block-image\"><figure class=\"aligncenter is-resized\"><img loading=\"lazy\" decoding=\"async\" src=\"https:\/\/bestwartravel.com\/wp-content\/uploads\/2019\/08\/Ads\u0131z.jpg\" alt=\"\" class=\"wp-image-330\" width=\"214\" height=\"277\" srcset=\"https:\/\/bestwartravel.com\/wp-content\/uploads\/2019\/08\/Ads\u0131z.jpg 712w, https:\/\/bestwartravel.com\/wp-content\/uploads\/2019\/08\/Ads\u0131z-231x300.jpg 231w\" sizes=\"auto, (max-width: 214px) 100vw, 214px\" \/><figcaption><strong><em><a href=\"https:\/\/bestwartravel.com\" target=\"_blank\" rel=\"noreferrer noopener\" aria-label=\"BEST WAR TRAVEL &amp; TOURISM (yeni sekmede a\u00e7\u0131l\u0131r)\">BEST WAR TRAVEL &amp; TOURISM<\/a><\/em><\/strong><\/figcaption><\/figure><\/div>\n\n\n\n<p style=\"text-align:center\"><strong>Caglayan Mahallesi, Fener Caddesi, No:52\/6  Muratpa\u015fa, 07350 Antalya, T\u00fcrkiye<\/strong><\/p>\n\n\n\n<p style=\"text-align:center\"><strong>Phone : +90 242 323 55 88      Fax : +90 242 323 55 99<\/strong><\/p>\n","protected":false},"excerpt":{"rendered":"<p>Caglayan Mahallesi, Fener Caddesi, No:52\/6 Muratpa\u015fa, 07350 Antalya, T\u00fcrkiye Phone : +90 242 323 55 88 Fax : +90 242 323 55 99<\/p>\n","protected":false},"author":2,"featured_media":0,"parent":0,"menu_order":0,"comment_status":"closed","ping_status":"closed","template":"","meta":{"footnotes":""},"class_list":["post-146","page","type-page","status-publish","hentry"],"_links":{"self":[{"href":"https:\/\/bestwartravel.com\/index.php?rest_route=\/wp\/v2\/pages\/146","targetHints":{"allow":["GET"]}}],"collection":[{"href":"https:\/\/bestwartravel.com\/index.php?rest_route=\/wp\/v2\/pages"}],"about":[{"href":"https:\/\/bestwartravel.com\/index.php?rest_route=\/wp\/v2\/types\/page"}],"author":[{"embeddable":true,"href":"https:\/\/bestwartravel.com\/index.php?rest_route=\/wp\/v2\/users\/2"}],"replies":[{"embeddable":true,"href":"https:\/\/bestwartravel.com\/index.php?rest_route=%2Fwp%2Fv2%2Fcomments&post=146"}],"version-history":[{"count":5,"href":"https:\/\/bestwartravel.com\/index.php?rest_route=\/wp\/v2\/pages\/146\/revisions"}],"predecessor-version":[{"id":333,"href":"https:\/\/bestwartravel.com\/index.php?rest_route=\/wp\/v2\/pages\/146\/revisions\/333"}],"wp:attachment":[{"href":"https:\/\/bestwartravel.com\/index.php?rest_route=%2Fwp%2Fv2%2Fmedia&parent=146"}],"curies":[{"name":"wp","href":"https:\/\/api.w.org\/{rel}","templated":true}]}}